{"id":7023,"date":"2026-09-05T08:55:47","date_gmt":"2026-09-05T06:55:47","guid":{"rendered":"https:\/\/wochefuerdeutsch.be\/?post_type=tribe_events&#038;p=7023"},"modified":"2026-09-05T08:55:47","modified_gmt":"2026-09-05T06:55:47","slug":"einen-tag-lang-deutsch-erleben-schnuppern-an-der-idsb","status":"publish","type":"tribe_events","link":"https:\/\/wochefuerdeutsch.be\/de\/veranstaltung\/einen-tag-lang-deutsch-erleben-schnuppern-an-der-idsb\/","title":{"rendered":"Einen Tag lang Deutsch erleben \u2013 Schnuppern an der  iDSB"},"content":{"rendered":"<p>Im Rahmen der Woche f\u00fcr Deutsch \u00f6ffnet die Internationale Deutsche Schule Br\u00fcssel (iDSB)\u00a0 ihre T\u00fcren f\u00fcr Sch\u00fclerinnen und Sch\u00fcler der 5. bis 10. Klasse anderer Schulen in Belgien.<br \/>\nInteressierte Sch\u00fclerinnen und Sch\u00fcler haben die M\u00f6glichkeit, einen Tag lang in den Schulalltag der iDSB einzutauchen: neue Eindr\u00fccke sammeln, die deutsche Sprache und Kultur hautnah erleben und an einer exklusiven Deutschstunde teilnehmen.<br \/>\nEine gute Gelegenheit, Deutsch einmal au\u00dferhalb des eigenen Klassenzimmers zu entdecken und unsere Schule pers\u00f6nlich kennenzulernen.<br \/>\nBei Interesse senden Sie uns gerne eine Nachricht<br \/>\nan: <a href=\"an:\u00a0marketing@idsb.eu.\">marketing@idsb.eu.<\/a><\/p>\n<p>&nbsp;<\/p>\n","protected":false},"excerpt":{"rendered":"Im Rahmen der Woche f\u00fcr Deutsch \u00f6ffnet die Internationale Deutsche Schule Br\u00fcssel (iDSB)\u00a0 ihre T\u00fcren f\u00fcr Sch\u00fclerinnen und Sch\u00fcler der 5. bis 10. Klasse anderer Schulen in Belgien. Interessierte Sch\u00fclerinnen [&hellip;]","protected":false},"author":3,"featured_media":7024,"template":"","meta":{"_acf_changed":false,"inline_featured_image":false,"_tribe_events_status":"","_tribe_events_status_reason":"","footnotes":""},"tags":[],"tribe_events_cat":[60],"class_list":["post-7023","tribe_events","type-tribe_events","status-publish","has-post-thumbnail","hentry","tribe_events_cat-fuer-schuelerinnen","cat_fuer-schuelerinnen"],"acf":[],"_links":{"self":[{"href":"https:\/\/wochefuerdeutsch.be\/de\/wp-json\/wp\/v2\/tribe_events\/7023","targetHints":{"allow":["GET"]}}],"collection":[{"href":"https:\/\/wochefuerdeutsch.be\/de\/wp-json\/wp\/v2\/tribe_events"}],"about":[{"href":"https:\/\/wochefuerdeutsch.be\/de\/wp-json\/wp\/v2\/types\/tribe_events"}],"author":[{"embeddable":true,"href":"https:\/\/wochefuerdeutsch.be\/de\/wp-json\/wp\/v2\/users\/3"}],"version-history":[{"count":1,"href":"https:\/\/wochefuerdeutsch.be\/de\/wp-json\/wp\/v2\/tribe_events\/7023\/revisions"}],"predecessor-version":[{"id":7025,"href":"https:\/\/wochefuerdeutsch.be\/de\/wp-json\/wp\/v2\/tribe_events\/7023\/revisions\/7025"}],"wp:featuredmedia":[{"embeddable":true,"href":"https:\/\/wochefuerdeutsch.be\/de\/wp-json\/wp\/v2\/media\/7024"}],"wp:attachment":[{"href":"https:\/\/wochefuerdeutsch.be\/de\/wp-json\/wp\/v2\/media?parent=7023"}],"wp:term":[{"taxonomy":"post_tag","embeddable":true,"href":"https:\/\/wochefuerdeutsch.be\/de\/wp-json\/wp\/v2\/tags?post=7023"},{"taxonomy":"tribe_events_cat","embeddable":true,"href":"https:\/\/wochefuerdeutsch.be\/de\/wp-json\/wp\/v2\/tribe_events_cat?post=7023"}],"curies":[{"name":"wp","href":"https:\/\/api.w.org\/{rel}","templated":true}]}}

<p>Im Rahmen der Woche für Deutsch öffnet die Internationale Deutsche Schule Brüssel (iDSB)  ihre Türen für Schülerinnen und Schüler der 5. bis 10. Klasse anderer Schulen in Belgien.<br />
Interessierte Schülerinnen und Schüler haben die Möglichkeit, einen Tag lang in den Schulalltag der iDSB einzutauchen: neue Eindrücke sammeln, die deutsche Sprache und Kultur hautnah erleben und an einer exklusiven Deutschstunde teilnehmen.<br />
Eine gute Gelegenheit, Deutsch einmal außerhalb des eigenen Klassenzimmers zu entdecken und unsere Schule persönlich kennenzulernen.<br />
Bei Interesse senden Sie uns gerne eine Nachricht<br />
an: <a href="an: marketing@idsb.eu.">marketing@idsb.eu.</a></p>
<p>&nbsp;</p>

Im Rahmen der Woche für Deutsch öffnet die Internationale Deutsche Schule Brüssel (iDSB)  ihre Türen für Schülerinnen und Schüler der 5. bis 10. Klasse anderer Schulen in Belgien. Interessierte Schülerinnen [&hellip;]
