{"id":7077,"date":"2026-09-05T10:03:33","date_gmt":"2026-09-05T08:03:33","guid":{"rendered":"https:\/\/wochefuerdeutsch.be\/?post_type=tribe_events&#038;p=7077"},"modified":"2026-09-05T10:03:55","modified_gmt":"2026-09-05T08:03:55","slug":"exkursion-zur-buchhandlung-worthaus-in-aachen-burtscheid","status":"publish","type":"tribe_events","link":"https:\/\/wochefuerdeutsch.be\/de\/veranstaltung\/exkursion-zur-buchhandlung-worthaus-in-aachen-burtscheid\/","title":{"rendered":"Exkursion zur Buchhandlung \u201eWorthaus\u201c in Aachen-Burtscheid"},"content":{"rendered":"<p>Wir besuchen gemeinsam die literarische Buchhandlung \u201eWorthaus\u201c in Aachen-Burtscheid, die bereits zweimal mit dem Deutschen Buchhandlungspreis ausgezeichnet wurde.<\/p>\n<p>Der Inhaber Martin Hungenbach und sein Team, Kenner:innen der Independent-Szene innerhalb des deutschen Buchmarktes, stellen uns besondere B\u00fccher, weniger bekannte Verlage und alternative Literaturpreise vor und erkl\u00e4ren, wie eine kleine, engagierte Buchhandlung sich heute auf dem Buchmarkt behaupten kann. Fragen aller Art sind willkommen!<\/p>\n<p>Im Anschluss werden wir bei einem Spaziergang durch die sch\u00f6ne Innenstadt von Burtscheid, den Kurpark, die hei\u00dfen Quellen und den Michaelsberg kennenlernen. Au\u00dferdem wird es Gelegenheit geben, in einem der beliebtesten Caf\u00e9s Aachens Kaffee und Kuchen Spezialit\u00e4ten zu genie\u00dfen.<\/p>\n<p>&nbsp;<\/p>\n<p>Anreise mit dem Zug um 12.22 Uhr ab Li\u00e8ge-Guillemins (bitte um 12.10 Uhr am Bahnsteig sein) bis Aachen HbF (Ankunft 13.22 Uhr). Die Buchhandlung ist vom Hauptbahnhof fu\u00dfl\u00e4ufig in 20 Minuten zu erreichen. Die Veranstaltung beginnt dort um 14 Uhr. Die R\u00fcckreise erfolgt nach Absprache in Eigenregie. Die Kosten f\u00fcr Reise und Verpflegung m\u00fcssen selbst getragen werden.<\/p>\n<p>&nbsp;<\/p>\n<p>Anmeldung: <a href=\"mailto:vera.vieh\u00f6ver@uliege.be\">vera.viehover@uliege.be<\/a><\/p>\n","protected":false},"excerpt":{"rendered":"Wir besuchen gemeinsam die literarische Buchhandlung \u201eWorthaus\u201c in Aachen-Burtscheid, die bereits zweimal mit dem Deutschen Buchhandlungspreis ausgezeichnet wurde. Der Inhaber Martin Hungenbach und sein Team, Kenner:innen der Independent-Szene innerhalb des [&hellip;]","protected":false},"author":3,"featured_media":7080,"template":"","meta":{"_acf_changed":false,"inline_featured_image":false,"_tribe_events_status":"","_tribe_events_status_reason":"","footnotes":""},"tags":[],"tribe_events_cat":[136],"class_list":["post-7077","tribe_events","type-tribe_events","status-publish","has-post-thumbnail","hentry","tribe_events_cat-fuer-alle-2","cat_fuer-alle-2"],"acf":[],"_links":{"self":[{"href":"https:\/\/wochefuerdeutsch.be\/de\/wp-json\/wp\/v2\/tribe_events\/7077","targetHints":{"allow":["GET"]}}],"collection":[{"href":"https:\/\/wochefuerdeutsch.be\/de\/wp-json\/wp\/v2\/tribe_events"}],"about":[{"href":"https:\/\/wochefuerdeutsch.be\/de\/wp-json\/wp\/v2\/types\/tribe_events"}],"author":[{"embeddable":true,"href":"https:\/\/wochefuerdeutsch.be\/de\/wp-json\/wp\/v2\/users\/3"}],"version-history":[{"count":2,"href":"https:\/\/wochefuerdeutsch.be\/de\/wp-json\/wp\/v2\/tribe_events\/7077\/revisions"}],"predecessor-version":[{"id":7083,"href":"https:\/\/wochefuerdeutsch.be\/de\/wp-json\/wp\/v2\/tribe_events\/7077\/revisions\/7083"}],"wp:featuredmedia":[{"embeddable":true,"href":"https:\/\/wochefuerdeutsch.be\/de\/wp-json\/wp\/v2\/media\/7080"}],"wp:attachment":[{"href":"https:\/\/wochefuerdeutsch.be\/de\/wp-json\/wp\/v2\/media?parent=7077"}],"wp:term":[{"taxonomy":"post_tag","embeddable":true,"href":"https:\/\/wochefuerdeutsch.be\/de\/wp-json\/wp\/v2\/tags?post=7077"},{"taxonomy":"tribe_events_cat","embeddable":true,"href":"https:\/\/wochefuerdeutsch.be\/de\/wp-json\/wp\/v2\/tribe_events_cat?post=7077"}],"curies":[{"name":"wp","href":"https:\/\/api.w.org\/{rel}","templated":true}]}}

<p>Wir besuchen gemeinsam die literarische Buchhandlung „Worthaus“ in Aachen-Burtscheid, die bereits zweimal mit dem Deutschen Buchhandlungspreis ausgezeichnet wurde.</p>
<p>Der Inhaber Martin Hungenbach und sein Team, Kenner:innen der Independent-Szene innerhalb des deutschen Buchmarktes, stellen uns besondere Bücher, weniger bekannte Verlage und alternative Literaturpreise vor und erklären, wie eine kleine, engagierte Buchhandlung sich heute auf dem Buchmarkt behaupten kann. Fragen aller Art sind willkommen!</p>
<p>Im Anschluss werden wir bei einem Spaziergang durch die schöne Innenstadt von Burtscheid, den Kurpark, die heißen Quellen und den Michaelsberg kennenlernen. Außerdem wird es Gelegenheit geben, in einem der beliebtesten Cafés Aachens Kaffee und Kuchen Spezialitäten zu genießen.</p>
<p>&nbsp;</p>
<p>Anreise mit dem Zug um 12.22 Uhr ab Liège-Guillemins (bitte um 12.10 Uhr am Bahnsteig sein) bis Aachen HbF (Ankunft 13.22 Uhr). Die Buchhandlung ist vom Hauptbahnhof fußläufig in 20 Minuten zu erreichen. Die Veranstaltung beginnt dort um 14 Uhr. Die Rückreise erfolgt nach Absprache in Eigenregie. Die Kosten für Reise und Verpflegung müssen selbst getragen werden.</p>
<p>&nbsp;</p>
<p>Anmeldung: <a href="mailto:vera.viehöver@uliege.be">vera.viehover@uliege.be</a></p>
