{"id":6626,"date":"2026-06-28T20:36:54","date_gmt":"2026-06-28T18:36:54","guid":{"rendered":"https:\/\/wochefuerdeutsch.be\/?post_type=tribe_events&#038;p=6626"},"modified":"2026-08-25T18:30:55","modified_gmt":"2026-08-25T16:30:55","slug":"soiree-film-au-cinema-les-grinoux-in-die-sonne-schauen-sound-of-falling-2025","status":"publish","type":"tribe_events","link":"https:\/\/wochefuerdeutsch.be\/fr\/event\/soiree-film-au-cinema-les-grinoux-in-die-sonne-schauen-sound-of-falling-2025\/","title":{"rendered":"Soir\u00e9e cin\u00e9ma aux Grignoux, \u00e0 Li\u00e8ge : Sound of Falling (In die Sonne schauen)"},"content":{"rendered":"<p>Quatre jeunes filles, une ferme, cent ans : la grande fresque d\u2019un si\u00e8cle sign\u00e9e Mascha Schilinski<\/p>\n<p>Une ferme dans l\u2019Altmark. Quatre jeunes filles y grandissent \u00e0 quatre \u00e9poques diff\u00e9rentes : dans les ann\u00e9es 1910, dans les ann\u00e9es 1940, en RDA dans les ann\u00e9es 1980, et aujourd\u2019hui. Elles ne se rencontrent jamais, et pourtant leurs vies se font \u00e9cho. Mascha Schilinski raconte ces cent ann\u00e9es non pas de mani\u00e8re chronologique, mais comme un flux de souvenirs et d\u2019associations. Le film montre ainsi que la violence subie par ces jeunes filles n\u2019est pas le fait d\u2019individus isol\u00e9s, mais qu\u2019elle est inscrite dans les structures sociales dans lesquelles elles vivent \u2013 et comment des traumatismes rest\u00e9s enfouis se transmettent de g\u00e9n\u00e9ration en g\u00e9n\u00e9ration, jusqu\u2019\u00e0 ce que plus personne ne sache d\u2019o\u00f9 ils viennent.<\/p>\n<p>Le film impressionne aussi par sa forme. La cam\u00e9ra se tient au plus pr\u00e8s des visages, tandis que le son et le montage entrem\u00ealent les \u00e9poques. La langue elle-m\u00eame \u00e9volue au fil des d\u00e9cennies : dans les s\u00e9quences situ\u00e9es au d\u00e9but du si\u00e8cle, les personnages parlent le bas-allemand. Le tout est port\u00e9 par quatre jeunes actrices qui ne r\u00e9duisent jamais leurs personnages au statut de victimes. R\u00e9compens\u00e9 par le Prix du Jury \u00e0 Cannes en 2025, Sound of Falling a \u00e9t\u00e9 choisi pour repr\u00e9senter l\u2019Allemagne dans la course aux Oscars et a remport\u00e9 en 2026 dix Lolas au Deutscher Filmpreis, dont la Lola d&rsquo;or du meilleur film. Recommand\u00e9 \u00e0 partir de 16 ans.<\/p>\n<p>Revue de presse<\/p>\n<p>\u00ab A mysterious and uncanny prose-poem of guilt, shame and yearning.\u00bb \u2013 The Guardian<\/p>\n<p>\u00ab La vertigineuse exploration sensorielle des m\u00e9andres d\u2019une m\u00e9moire collective. \u00bb \u2013 Cahiers du Cin\u00e9ma<\/p>\n<p>\u00ab Rarement un film aura fait exister avec autant de force notre propre sentiment d&rsquo;\u00e9tranget\u00e9. \u00bb \u2013 Le Monde<\/p>\n<p>\u00ab Ein Film, den man nicht mehr vergisst. \u00bb \u2013 S\u00fcddeutsche Zeitung<\/p>\n<p>Version originale allemande sous-titr\u00e9e en fran\u00e7ais. Ce film est pr\u00e9sent\u00e9 en collaboration avec l\u2019Universit\u00e9 de Li\u00e8ge et avec le soutien de l\u2019Ambassade d\u2019Allemagne \u00e0 Bruxelles. Introduction en allemand et en fran\u00e7ais : Jeremy Hamers, professeur de cin\u00e9ma documentaire et de litt\u00e9ratie m\u00e9diatique, Universit\u00e9 de Li\u00e8ge \/ Claus Telge, lecteur de langue et litt\u00e9rature allemandes, Universit\u00e9 de Li\u00e8ge.<\/p>\n<p><a href=\"https:\/\/www.youtube.com\/watch?v=nMnNW0xGXZk\">https:\/\/www.youtube.com\/watch?v=nMnNW0xGXZk<\/a> (Trailer)<\/p>\n<p>L\u2019entr\u00e9e est gratuite, mais l\u2019inscription est obligatoire : <a href=\"mailto:claus.telge@uliege.be\">claus.telge@uliege.be<\/a><\/p>\n","protected":false},"excerpt":{"rendered":"Quatre jeunes filles, une ferme, cent ans : la grande fresque d\u2019un si\u00e8cle sign\u00e9e Mascha Schilinski Une ferme dans l\u2019Altmark. Quatre jeunes filles y grandissent \u00e0 quatre \u00e9poques diff\u00e9rentes : [&hellip;]","protected":false},"author":3,"featured_media":6625,"template":"","meta":{"_acf_changed":false,"inline_featured_image":false,"_tribe_events_status":"","_tribe_events_status_reason":"","footnotes":""},"tags":[],"tribe_events_cat":[139],"class_list":["post-6626","tribe_events","type-tribe_events","status-publish","has-post-thumbnail","hentry","tribe_events_cat-pour-toutes","cat_pour-toutes"],"acf":[],"_links":{"self":[{"href":"https:\/\/wochefuerdeutsch.be\/fr\/wp-json\/wp\/v2\/tribe_events\/6626","targetHints":{"allow":["GET"]}}],"collection":[{"href":"https:\/\/wochefuerdeutsch.be\/fr\/wp-json\/wp\/v2\/tribe_events"}],"about":[{"href":"https:\/\/wochefuerdeutsch.be\/fr\/wp-json\/wp\/v2\/types\/tribe_events"}],"author":[{"embeddable":true,"href":"https:\/\/wochefuerdeutsch.be\/fr\/wp-json\/wp\/v2\/users\/3"}],"version-history":[{"count":6,"href":"https:\/\/wochefuerdeutsch.be\/fr\/wp-json\/wp\/v2\/tribe_events\/6626\/revisions"}],"predecessor-version":[{"id":6900,"href":"https:\/\/wochefuerdeutsch.be\/fr\/wp-json\/wp\/v2\/tribe_events\/6626\/revisions\/6900"}],"wp:featuredmedia":[{"embeddable":true,"href":"https:\/\/wochefuerdeutsch.be\/fr\/wp-json\/wp\/v2\/media\/6625"}],"wp:attachment":[{"href":"https:\/\/wochefuerdeutsch.be\/fr\/wp-json\/wp\/v2\/media?parent=6626"}],"wp:term":[{"taxonomy":"post_tag","embeddable":true,"href":"https:\/\/wochefuerdeutsch.be\/fr\/wp-json\/wp\/v2\/tags?post=6626"},{"taxonomy":"tribe_events_cat","embeddable":true,"href":"https:\/\/wochefuerdeutsch.be\/fr\/wp-json\/wp\/v2\/tribe_events_cat?post=6626"}],"curies":[{"name":"wp","href":"https:\/\/api.w.org\/{rel}","templated":true}]}}

Soirée cinéma aux Grignoux, à Liège : Sound of Falling (In die Sonne schauen)

<p>Quatre jeunes filles, une ferme, cent ans : la grande fresque d’un siècle signée Mascha Schilinski</p>
<p>Une ferme dans l’Altmark. Quatre jeunes filles y grandissent à quatre époques différentes : dans les années 1910, dans les années 1940, en RDA dans les années 1980, et aujourd’hui. Elles ne se rencontrent jamais, et pourtant leurs vies se font écho. Mascha Schilinski raconte ces cent années non pas de manière chronologique, mais comme un flux de souvenirs et d’associations. Le film montre ainsi que la violence subie par ces jeunes filles n’est pas le fait d’individus isolés, mais qu’elle est inscrite dans les structures sociales dans lesquelles elles vivent – et comment des traumatismes restés enfouis se transmettent de génération en génération, jusqu’à ce que plus personne ne sache d’où ils viennent.</p>
<p>Le film impressionne aussi par sa forme. La caméra se tient au plus près des visages, tandis que le son et le montage entremêlent les époques. La langue elle-même évolue au fil des décennies : dans les séquences situées au début du siècle, les personnages parlent le bas-allemand. Le tout est porté par quatre jeunes actrices qui ne réduisent jamais leurs personnages au statut de victimes. Récompensé par le Prix du Jury à Cannes en 2025, Sound of Falling a été choisi pour représenter l’Allemagne dans la course aux Oscars et a remporté en 2026 dix Lolas au Deutscher Filmpreis, dont la Lola d&rsquo;or du meilleur film. Recommandé à partir de 16 ans.</p>
<p>Revue de presse</p>
<p>« A mysterious and uncanny prose-poem of guilt, shame and yearning.» – The Guardian</p>
<p>« La vertigineuse exploration sensorielle des méandres d’une mémoire collective. » – Cahiers du Cinéma</p>
<p>« Rarement un film aura fait exister avec autant de force notre propre sentiment d&rsquo;étrangeté. » – Le Monde</p>
<p>« Ein Film, den man nicht mehr vergisst. » – Süddeutsche Zeitung</p>
<p>Version originale allemande sous-titrée en français. Ce film est présenté en collaboration avec l’Université de Liège et avec le soutien de l’Ambassade d’Allemagne à Bruxelles. Introduction en allemand et en français : Jeremy Hamers, professeur de cinéma documentaire et de littératie médiatique, Université de Liège / Claus Telge, lecteur de langue et littérature allemandes, Université de Liège.</p>
<p><a href="https://www.youtube.com/watch?v=nMnNW0xGXZk">https://www.youtube.com/watch?v=nMnNW0xGXZk</a> (Trailer)</p>
<p>L’entrée est gratuite, mais l’inscription est obligatoire : <a href="mailto:claus.telge@uliege.be">claus.telge@uliege.be</a></p>

Quatre jeunes filles, une ferme, cent ans : la grande fresque d’un siècle signée Mascha Schilinski Une ferme dans l’Altmark. Quatre jeunes filles y grandissent à quatre époques différentes : [&hellip;]
