{"id":7030,"date":"2026-09-05T08:55:47","date_gmt":"2026-09-05T06:55:47","guid":{"rendered":"https:\/\/wochefuerdeutsch.be\/veranstaltung\/einen-tag-lang-deutsch-erleben-schnuppern-an-der-idsb\/"},"modified":"2026-09-05T08:59:49","modified_gmt":"2026-09-05T06:59:49","slug":"einen-tag-lang-deutsch-erleben-schnuppern-an-der-idsb","status":"publish","type":"tribe_events","link":"https:\/\/wochefuerdeutsch.be\/fr\/event\/einen-tag-lang-deutsch-erleben-schnuppern-an-der-idsb\/","title":{"rendered":"Une journ\u00e9e \u00e0 la d\u00e9couverte de l&rsquo;allemand \u2013 Journ\u00e9e  d&rsquo;initiation \u00e0 l&rsquo;iDSB"},"content":{"rendered":"<p>Dans le cadre de la Semaine de l&rsquo;allemand, l&rsquo;\u00e9cole allemande internationale de Bruxelles (iDSB) ouvre ses portes aux \u00e9l\u00e8ves de la 5e \u00e0 la 10e ann\u00e9e d&rsquo;autres \u00e9tablissements scolaires belges.<br \/>\nLes \u00e9l\u00e8ves int\u00e9ress\u00e9s ont la possibilit\u00e9 de s\u2019immerger pendant une journ\u00e9e dans le quotidien scolaire de l\u2019iDSB : d\u00e9couvrir de nouvelles impressions, vivre de pr\u00e8s la langue et la culture allemandes et participer \u00e0 un cours d\u2019allemand exclusif.<br \/>\nUne belle occasion de d\u00e9couvrir l\u2019allemand en dehors de sa propre salle de classe et de faire connaissance avec notre \u00e9cole en personne.<br \/>\nSi vous \u00eates int\u00e9ress\u00e9\u00b7e, n\u2019h\u00e9sitez pas \u00e0 nous envoyer un message \u00e0 l\u2019adresse suivante :<a href=\"an:\u00a0marketing@idsb.eu.\">marketing@idsb.eu.<\/a><\/p>\n<p>&nbsp;<\/p>\n","protected":false},"excerpt":{"rendered":"Dans le cadre de la Semaine de l&rsquo;allemand, l&rsquo;\u00e9cole allemande internationale de Bruxelles (iDSB) ouvre ses portes aux \u00e9l\u00e8ves de la 5e \u00e0 la 10e ann\u00e9e d&rsquo;autres \u00e9tablissements scolaires belges. [&hellip;]","protected":false},"author":3,"featured_media":7031,"template":"","meta":{"_acf_changed":false,"inline_featured_image":false,"_tribe_events_status":"","_tribe_events_status_reason":"","footnotes":""},"tags":[],"tribe_events_cat":[31],"class_list":["post-7030","tribe_events","type-tribe_events","status-publish","has-post-thumbnail","hentry","tribe_events_cat-fuer-schueler-fr","cat_fuer-schueler-fr"],"acf":[],"_links":{"self":[{"href":"https:\/\/wochefuerdeutsch.be\/fr\/wp-json\/wp\/v2\/tribe_events\/7030","targetHints":{"allow":["GET"]}}],"collection":[{"href":"https:\/\/wochefuerdeutsch.be\/fr\/wp-json\/wp\/v2\/tribe_events"}],"about":[{"href":"https:\/\/wochefuerdeutsch.be\/fr\/wp-json\/wp\/v2\/types\/tribe_events"}],"author":[{"embeddable":true,"href":"https:\/\/wochefuerdeutsch.be\/fr\/wp-json\/wp\/v2\/users\/3"}],"version-history":[{"count":3,"href":"https:\/\/wochefuerdeutsch.be\/fr\/wp-json\/wp\/v2\/tribe_events\/7030\/revisions"}],"predecessor-version":[{"id":7034,"href":"https:\/\/wochefuerdeutsch.be\/fr\/wp-json\/wp\/v2\/tribe_events\/7030\/revisions\/7034"}],"wp:featuredmedia":[{"embeddable":true,"href":"https:\/\/wochefuerdeutsch.be\/fr\/wp-json\/wp\/v2\/media\/7031"}],"wp:attachment":[{"href":"https:\/\/wochefuerdeutsch.be\/fr\/wp-json\/wp\/v2\/media?parent=7030"}],"wp:term":[{"taxonomy":"post_tag","embeddable":true,"href":"https:\/\/wochefuerdeutsch.be\/fr\/wp-json\/wp\/v2\/tags?post=7030"},{"taxonomy":"tribe_events_cat","embeddable":true,"href":"https:\/\/wochefuerdeutsch.be\/fr\/wp-json\/wp\/v2\/tribe_events_cat?post=7030"}],"curies":[{"name":"wp","href":"https:\/\/api.w.org\/{rel}","templated":true}]}}

Une journée à la découverte de l&rsquo;allemand – Journée  d&rsquo;initiation à l&rsquo;iDSB

<p>Dans le cadre de la Semaine de l&rsquo;allemand, l&rsquo;école allemande internationale de Bruxelles (iDSB) ouvre ses portes aux élèves de la 5e à la 10e année d&rsquo;autres établissements scolaires belges.<br />
Les élèves intéressés ont la possibilité de s’immerger pendant une journée dans le quotidien scolaire de l’iDSB : découvrir de nouvelles impressions, vivre de près la langue et la culture allemandes et participer à un cours d’allemand exclusif.<br />
Une belle occasion de découvrir l’allemand en dehors de sa propre salle de classe et de faire connaissance avec notre école en personne.<br />
Si vous êtes intéressé·e, n’hésitez pas à nous envoyer un message à l’adresse suivante :<a href="an: marketing@idsb.eu.">marketing@idsb.eu.</a></p>
<p>&nbsp;</p>

Dans le cadre de la Semaine de l&rsquo;allemand, l&rsquo;école allemande internationale de Bruxelles (iDSB) ouvre ses portes aux élèves de la 5e à la 10e année d&rsquo;autres établissements scolaires belges. [&hellip;]
