{"id":6629,"date":"2026-06-28T20:37:54","date_gmt":"2026-06-28T18:37:54","guid":{"rendered":"https:\/\/wochefuerdeutsch.be\/?post_type=tribe_events&#038;p=6629"},"modified":"2026-08-25T18:40:51","modified_gmt":"2026-08-25T16:40:51","slug":"filmavond-in-de-bisoscoop-les-grinoux-in-die-sonne-schauen-sound-of-falling-2025","status":"publish","type":"tribe_events","link":"https:\/\/wochefuerdeutsch.be\/nl\/event\/filmavond-in-de-bisoscoop-les-grinoux-in-die-sonne-schauen-sound-of-falling-2025\/","title":{"rendered":"Filmavond in de bioscoop &#8220;Les Grignoux&#8221; : IN DIE SONNE SCHAUEN \/ SOUND OF FALLING (2025)"},"content":{"rendered":"<p class=\"isSelectedEnd\"><strong>Vier meisjes, \u00e9\u00e9n boerderij, honderd jaar: Mascha Schilinski\u2019s bejubelde eeuwmoza\u00efek<\/strong><\/p>\n<p class=\"isSelectedEnd\">Een boerderij in de Altmark. Vier meisjes groeien er op in vier verschillende periodes: in de jaren 1910, in de jaren 1940, in de DDR van de jaren 1980 en vandaag. Ze ontmoeten elkaar nooit, en toch weerspiegelen hun levens elkaar. Mascha Schilinski vertelt deze honderd jaar niet chronologisch, maar als een associatieve stroom van herinneringen. Zo wordt duidelijk dat het geweld tegen deze meisjes niet uitgaat van afzonderlijke personen, maar verankerd is in de maatschappelijke structuren. De film toont ook hoe nooit overwonnen trauma\u2019s van generatie op generatie worden doorgegeven, tot niemand nog weet waar ze vandaan komen.<\/p>\n<p class=\"isSelectedEnd\">Ook vormelijk is de film een bijzondere gebeurtenis. De camera zoekt de gezichten van heel dichtbij op, terwijl geluid en montage de verschillende tijdperken met elkaar verweven. Ook de taal verandert in de loop van de decennia: in de oudste sc\u00e8nes spreken de personages Nederduits (Plattdeutsch). Het geheel wordt gedragen door vier jonge actrices, die hun personages nooit tot slachtoffers reduceren. <em>In die Sonne schauen<\/em> werd in 2025 op het Filmfestival van Cannes bekroond met de Juryprijs, werd als Duitse inzending voorgedragen voor de Oscars en won in 2026 tien Duitse Filmprijzen, waaronder de Gouden Lola voor beste speelfilm. Aanbevolen vanaf 16 jaar.<\/p>\n<p class=\"isSelectedEnd\"><strong>Persstemmen<\/strong><\/p>\n<p class=\"isSelectedEnd\">\u201cEen mysterieus en bevreemdend prozagedicht over schuld, schaamte en verlangen.\u201d \u2013 <em>The Guardian<\/em><\/p>\n<p class=\"isSelectedEnd\">\u201cEen duizelingwekkende zintuiglijke verkenning van de kronkelwegen van een collectief geheugen.\u201d \u2013 <em>Cahiers du Cin\u00e9ma<\/em><\/p>\n<p class=\"isSelectedEnd\">\u201cZelden heeft een film ons eigen gevoel van vervreemding zo krachtig tot leven gebracht.\u201d \u2013 <em>Le Monde<\/em><\/p>\n<p class=\"isSelectedEnd\">\u201cEen film die je nooit meer vergeet.\u201d \u2013 <em>S\u00fcddeutsche Zeitung<\/em><\/p>\n<p class=\"isSelectedEnd\">Duitse originele versie met Franse ondertitels. Deze film wordt vertoond in samenwerking met de Universit\u00e9 de Li\u00e8ge en met de gewaardeerde steun van de Duitse Ambassade in Brussel.<\/p>\n<p>Inleiding in het Duits en het Frans door Jeremy Hamers, professor documentaire film en mediageletterdheid aan de Universit\u00e9 de Li\u00e8ge, en Claus Telge, lector Duitse taal- en letterkunde aan de Universit\u00e9 de Li\u00e8ge.<\/p>\n<p><a href=\"https:\/\/www.youtube.com\/watch?v=nMnNW0xGXZk\">https:\/\/www.youtube.com\/watch?v=nMnNW0xGXZk<\/a><strong> (Trailer)<\/strong><\/p>\n<p>De toegang is gratis, maar inschrijving is verplicht:<strong>\u00a0<a href=\"mailto:claus.telge@uliege.be\">claus.telge@uliege.be<\/a><\/strong><\/p>\n","protected":false},"excerpt":{"rendered":"Vier meisjes, \u00e9\u00e9n boerderij, honderd jaar: Mascha Schilinski\u2019s bejubelde eeuwmoza\u00efek Een boerderij in de Altmark. Vier meisjes groeien er op in vier verschillende periodes: in de jaren 1910, in de [&hellip;]","protected":false},"author":3,"featured_media":6628,"template":"","meta":{"_acf_changed":false,"inline_featured_image":false,"_tribe_events_status":"","_tribe_events_status_reason":"","footnotes":""},"tags":[],"tribe_events_cat":[47],"class_list":["post-6629","tribe_events","type-tribe_events","status-publish","has-post-thumbnail","hentry","tribe_events_cat-voor-iedereen","cat_voor-iedereen"],"acf":[],"_links":{"self":[{"href":"https:\/\/wochefuerdeutsch.be\/nl\/wp-json\/wp\/v2\/tribe_events\/6629","targetHints":{"allow":["GET"]}}],"collection":[{"href":"https:\/\/wochefuerdeutsch.be\/nl\/wp-json\/wp\/v2\/tribe_events"}],"about":[{"href":"https:\/\/wochefuerdeutsch.be\/nl\/wp-json\/wp\/v2\/types\/tribe_events"}],"author":[{"embeddable":true,"href":"https:\/\/wochefuerdeutsch.be\/nl\/wp-json\/wp\/v2\/users\/3"}],"version-history":[{"count":6,"href":"https:\/\/wochefuerdeutsch.be\/nl\/wp-json\/wp\/v2\/tribe_events\/6629\/revisions"}],"predecessor-version":[{"id":6902,"href":"https:\/\/wochefuerdeutsch.be\/nl\/wp-json\/wp\/v2\/tribe_events\/6629\/revisions\/6902"}],"wp:featuredmedia":[{"embeddable":true,"href":"https:\/\/wochefuerdeutsch.be\/nl\/wp-json\/wp\/v2\/media\/6628"}],"wp:attachment":[{"href":"https:\/\/wochefuerdeutsch.be\/nl\/wp-json\/wp\/v2\/media?parent=6629"}],"wp:term":[{"taxonomy":"post_tag","embeddable":true,"href":"https:\/\/wochefuerdeutsch.be\/nl\/wp-json\/wp\/v2\/tags?post=6629"},{"taxonomy":"tribe_events_cat","embeddable":true,"href":"https:\/\/wochefuerdeutsch.be\/nl\/wp-json\/wp\/v2\/tribe_events_cat?post=6629"}],"curies":[{"name":"wp","href":"https:\/\/api.w.org\/{rel}","templated":true}]}}

<p class="isSelectedEnd"><strong>Vier meisjes, één boerderij, honderd jaar: Mascha Schilinski’s bejubelde eeuwmozaïek</strong></p>
<p class="isSelectedEnd">Een boerderij in de Altmark. Vier meisjes groeien er op in vier verschillende periodes: in de jaren 1910, in de jaren 1940, in de DDR van de jaren 1980 en vandaag. Ze ontmoeten elkaar nooit, en toch weerspiegelen hun levens elkaar. Mascha Schilinski vertelt deze honderd jaar niet chronologisch, maar als een associatieve stroom van herinneringen. Zo wordt duidelijk dat het geweld tegen deze meisjes niet uitgaat van afzonderlijke personen, maar verankerd is in de maatschappelijke structuren. De film toont ook hoe nooit overwonnen trauma’s van generatie op generatie worden doorgegeven, tot niemand nog weet waar ze vandaan komen.</p>
<p class="isSelectedEnd">Ook vormelijk is de film een bijzondere gebeurtenis. De camera zoekt de gezichten van heel dichtbij op, terwijl geluid en montage de verschillende tijdperken met elkaar verweven. Ook de taal verandert in de loop van de decennia: in de oudste scènes spreken de personages Nederduits (Plattdeutsch). Het geheel wordt gedragen door vier jonge actrices, die hun personages nooit tot slachtoffers reduceren. <em>In die Sonne schauen</em> werd in 2025 op het Filmfestival van Cannes bekroond met de Juryprijs, werd als Duitse inzending voorgedragen voor de Oscars en won in 2026 tien Duitse Filmprijzen, waaronder de Gouden Lola voor beste speelfilm. Aanbevolen vanaf 16 jaar.</p>
<p class="isSelectedEnd"><strong>Persstemmen</strong></p>
<p class="isSelectedEnd">“Een mysterieus en bevreemdend prozagedicht over schuld, schaamte en verlangen.” – <em>The Guardian</em></p>
<p class="isSelectedEnd">“Een duizelingwekkende zintuiglijke verkenning van de kronkelwegen van een collectief geheugen.” – <em>Cahiers du Cinéma</em></p>
<p class="isSelectedEnd">“Zelden heeft een film ons eigen gevoel van vervreemding zo krachtig tot leven gebracht.” – <em>Le Monde</em></p>
<p class="isSelectedEnd">“Een film die je nooit meer vergeet.” – <em>Süddeutsche Zeitung</em></p>
<p class="isSelectedEnd">Duitse originele versie met Franse ondertitels. Deze film wordt vertoond in samenwerking met de Université de Liège en met de gewaardeerde steun van de Duitse Ambassade in Brussel.</p>
<p>Inleiding in het Duits en het Frans door Jeremy Hamers, professor documentaire film en mediageletterdheid aan de Université de Liège, en Claus Telge, lector Duitse taal- en letterkunde aan de Université de Liège.</p>
<p><a href="https://www.youtube.com/watch?v=nMnNW0xGXZk">https://www.youtube.com/watch?v=nMnNW0xGXZk</a><strong> (Trailer)</strong></p>
<p>De toegang is gratis, maar inschrijving is verplicht:<strong> <a href="mailto:claus.telge@uliege.be">claus.telge@uliege.be</a></strong></p>

Vier meisjes, één boerderij, honderd jaar: Mascha Schilinski’s bejubelde eeuwmozaïek Een boerderij in de Altmark. Vier meisjes groeien er op in vier verschillende periodes: in de jaren 1910, in de [&hellip;]
